{"id":3797,"date":"2025-01-29T14:13:18","date_gmt":"2025-01-29T14:13:18","guid":{"rendered":"https:\/\/xn--wirtschaftsfrderung-gifhorn-0yc.de\/?page_id=3797"},"modified":"2025-01-29T14:21:18","modified_gmt":"2025-01-29T14:21:18","slug":"newsletter-bestaetung","status":"publish","type":"page","link":"https:\/\/xn--wirtschaftsfrderung-gifhorn-0yc.de\/en\/newsletter-bestaetung\/","title":{"rendered":"Newsletter Best\u00e4tung"},"content":{"rendered":"<p>[et_pb_section fb_built=&#8220;1&#8243; admin_label=&#8220;section&#8220; _builder_version=&#8220;4.27.4&#8243; background_image=&#8220;https:\/\/xn--wirtschaftsfrderung-gifhorn-0yc.de\/wp-content\/uploads\/2024\/12\/Titelbild_IAV_web.jpg&#8220; min_height_tablet=&#8220;&#8220; min_height_phone=&#8220;&#8220; min_height_last_edited=&#8220;on|desktop&#8220; height=&#8220;60vh&#8220; height_tablet=&#8220;40vh&#8220; height_phone=&#8220;25vh&#8220; height_last_edited=&#8220;on|phone&#8220; custom_margin=&#8220;1px|0px|0px|0px|false|false&#8220; custom_padding=&#8220;0px|2%|2%|2%|false|false&#8220; custom_css_main_element=&#8220;display: flex;||flex-direction: column;||justify-content: flex-end;||align-items: flex-start;||flex: 1 0 0;&#8220; border_radii=&#8220;on|12px|12px|12px|12px&#8220; saved_tabs=&#8220;all&#8220; global_colors_info=&#8220;{}&#8220; locked=&#8220;off&#8220;][et_pb_row admin_label=&#8220;row&#8220; _builder_version=&#8220;4.27.2&#8243; background_color=&#8220;#ffffff&#8220; background_size=&#8220;initial&#8220; background_position=&#8220;top_left&#8220; background_repeat=&#8220;repeat&#8220; custom_padding=&#8220;16px|16px|16px|16px|false|false&#8220; custom_css_main_element=&#8220;display: flex;||align-items: flex-end;&#8220; border_radii=&#8220;on|10px|10px|10px|10px&#8220; global_colors_info=&#8220;{}&#8220; max_width__hover_enabled=&#8220;on|desktop&#8220; max_width__hover=&#8220;none&#8220;][et_pb_column type=&#8220;4_4&#8243; _builder_version=&#8220;4.16&#8243; custom_padding=&#8220;|||&#8220; global_colors_info=&#8220;{}&#8220; custom_padding__hover=&#8220;|||&#8220;][et_pb_heading title=&#8220;Wirtschaftsstandort Landkreis Gifhorn&#8220; _builder_version=&#8220;4.27.4&#8243; _module_preset=&#8220;default&#8220; custom_margin=&#8220;0px|0px|0px|0px|false|false&#8220; global_colors_info=&#8220;{}&#8220;][\/et_pb_heading][\/et_pb_column][\/et_pb_row][et_pb_row _builder_version=&#8220;4.27.4&#8243; _module_preset=&#8220;default&#8220; module_alignment=&#8220;right&#8220; max_height=&#8220;15px&#8220; global_colors_info=&#8220;{}&#8220;][et_pb_column type=&#8220;4_4&#8243; _builder_version=&#8220;4.27.4&#8243; _module_preset=&#8220;default&#8220; global_colors_info=&#8220;{}&#8220;][et_pb_text _builder_version=&#8220;4.27.4&#8243; _module_preset=&#8220;default&#8220; text_font_size=&#8220;10px&#8220; global_colors_info=&#8220;{}&#8220;]<\/p>\n<p>LK Gifhorn I&amp;S\/ Anja Selzer-Gassmann<\/p>\n<p>[\/et_pb_text][et_pb_text _builder_version=&#8220;4.27.4&#8243; _module_preset=&#8220;default&#8220; text_font_size=&#8220;10px&#8220; global_colors_info=&#8220;{}&#8220;]<\/p>\n<p>Foto: LK Gifhorn I&amp;S | Anja Selzer-Gassmann<\/p>\n<p>[\/et_pb_text][\/et_pb_column][\/et_pb_row][\/et_pb_section][et_pb_section fb_built=&#8220;1&#8243; admin_label=&#8220;Paragraph (Standard)&#8220; _builder_version=&#8220;4.27.3&#8243; _module_preset=&#8220;default&#8220; saved_tabs=&#8220;all&#8220; global_colors_info=&#8220;{}&#8220; locked=&#8220;off&#8220; theme_builder_area=&#8220;post_content&#8220;][et_pb_row admin_label=&#8220;Container&#8220; _builder_version=&#8220;4.27.2&#8243; _module_preset=&#8220;default&#8220; global_colors_info=&#8220;{}&#8220; theme_builder_area=&#8220;post_content&#8220;][et_pb_column type=&#8220;4_4&#8243; _builder_version=&#8220;4.27.0&#8243; _module_preset=&#8220;default&#8220; global_colors_info=&#8220;{}&#8220; theme_builder_area=&#8220;post_content&#8220;][et_pb_text _builder_version=&#8220;4.27.3&#8243; _module_preset=&#8220;default&#8220; custom_margin=&#8220;0px|0px|0px|0px|false|false&#8220; global_colors_info=&#8220;{}&#8220; theme_builder_area=&#8220;post_content&#8220;]<\/p>\n<p><span data-metadata=\"&lt;!--(figmeta)eyJmaWxlS2V5IjoidFhRRG9IV0lnOXlMZXlOR1A5WVZYdCIsInBhc3RlSUQiOjE4NTQwNDkyMDcsImRhdGFUeXBlIjoic2NlbmUifQo=(\/figmeta)--&gt;\"><\/span><span>Vielen Dank f\u00fcr Ihre Anmeldung zum Newsletter! In K\u00fcrze erhalten Sie eine Best\u00e4tigung in Ihr E-Mail Postfach.<\/span><br \/><span><\/span><\/p>\n<p><span><\/span><\/p>\n<p>[\/et_pb_text][\/et_pb_column][\/et_pb_row][et_pb_row _builder_version=&#8220;4.27.2&#8243; _module_preset=&#8220;default&#8220; custom_padding=&#8220;0px||0px|0px|false|false&#8220; collapsed=&#8220;off&#8220; global_colors_info=&#8220;{}&#8220; locked=&#8220;off&#8220; theme_builder_area=&#8220;post_content&#8220;][et_pb_column type=&#8220;4_4&#8243; _builder_version=&#8220;4.27.2&#8243; _module_preset=&#8220;default&#8220; custom_padding=&#8220;0px|0px|0px|0px|false|false&#8220; custom_css_main_element=&#8220;||&#8220; global_colors_info=&#8220;{}&#8220; custom_css_main_element_last_edited=&#8220;on|phone&#8220; custom_css_main_element_tablet=&#8220;||&#8220; custom_css_main_element_phone=&#8220;||&#8220; theme_builder_area=&#8220;post_content&#8220;][et_pb_button button_url=&#8220;@ET-DC@eyJkeW5hbWljIjp0cnVlLCJjb250ZW50IjoiaG9tZV91cmwiLCJzZXR0aW5ncyI6e319@&#8220; button_text=&#8220;Hier gelangen Sie zur\u00fcck zur Website&#8220; _builder_version=&#8220;4.27.4&#8243; _module_preset=&#8220;default&#8220; button_text_color=&#8220;#265A84&#8243; button_bg_color=&#8220;#FFFFFF&#8220; button_use_icon=&#8220;on&#8220; button_icon=&#8220;&#x24;||divi||400&#8243; custom_padding=&#8220;4px|40px|4px|12px|false|false&#8220; hover_enabled=&#8220;0&#8243; global_colors_info=&#8220;{}&#8220; theme_builder_area=&#8220;post_content&#8220; _dynamic_attributes=&#8220;button_url&#8220; sticky_enabled=&#8220;0&#8243;][\/et_pb_button][\/et_pb_column][\/et_pb_row][\/et_pb_section]<\/p>\n","protected":false},"excerpt":{"rendered":"<p>LK Gifhorn I&amp;S\/ Anja Selzer-GassmannFoto: LK Gifhorn I&amp;S | Anja Selzer-GassmannVielen Dank f\u00fcr Ihre Anmeldung zum Newsletter! In K\u00fcrze erhalten Sie eine Best\u00e4tigung in Ihr E-Mail Postfach.<\/p>","protected":false},"author":1,"featured_media":0,"parent":0,"menu_order":0,"comment_status":"closed","ping_status":"closed","template":"","meta":{"_et_pb_use_builder":"on","_et_pb_old_content":"","_et_gb_content_width":"","inline_featured_image":false,"footnotes":""},"class_list":["post-3797","page","type-page","status-publish","hentry"],"_links":{"self":[{"href":"https:\/\/xn--wirtschaftsfrderung-gifhorn-0yc.de\/en\/wp-json\/wp\/v2\/pages\/3797","targetHints":{"allow":["GET"]}}],"collection":[{"href":"https:\/\/xn--wirtschaftsfrderung-gifhorn-0yc.de\/en\/wp-json\/wp\/v2\/pages"}],"about":[{"href":"https:\/\/xn--wirtschaftsfrderung-gifhorn-0yc.de\/en\/wp-json\/wp\/v2\/types\/page"}],"author":[{"embeddable":true,"href":"https:\/\/xn--wirtschaftsfrderung-gifhorn-0yc.de\/en\/wp-json\/wp\/v2\/users\/1"}],"replies":[{"embeddable":true,"href":"https:\/\/xn--wirtschaftsfrderung-gifhorn-0yc.de\/en\/wp-json\/wp\/v2\/comments?post=3797"}],"version-history":[{"count":4,"href":"https:\/\/xn--wirtschaftsfrderung-gifhorn-0yc.de\/en\/wp-json\/wp\/v2\/pages\/3797\/revisions"}],"predecessor-version":[{"id":5048,"href":"https:\/\/xn--wirtschaftsfrderung-gifhorn-0yc.de\/en\/wp-json\/wp\/v2\/pages\/3797\/revisions\/5048"}],"wp:attachment":[{"href":"https:\/\/xn--wirtschaftsfrderung-gifhorn-0yc.de\/en\/wp-json\/wp\/v2\/media?parent=3797"}],"curies":[{"name":"wp","href":"https:\/\/api.w.org\/{rel}","templated":true}]}}

Newsletter Bestätung

<p>[et_pb_section fb_built=&#8220;1&#8243; admin_label=&#8220;section&#8220; _builder_version=&#8220;4.27.4&#8243; background_image=&#8220;https://xn--wirtschaftsfrderung-gifhorn-0yc.de/wp-content/uploads/2024/12/Titelbild_IAV_web.jpg&#8220; min_height_tablet=&#8220;&#8220; min_height_phone=&#8220;&#8220; min_height_last_edited=&#8220;on|desktop&#8220; height=&#8220;60vh&#8220; height_tablet=&#8220;40vh&#8220; height_phone=&#8220;25vh&#8220; height_last_edited=&#8220;on|phone&#8220; custom_margin=&#8220;1px|0px|0px|0px|false|false&#8220; custom_padding=&#8220;0px|2%|2%|2%|false|false&#8220; custom_css_main_element=&#8220;display: flex;||flex-direction: column;||justify-content: flex-end;||align-items: flex-start;||flex: 1 0 0;&#8220; border_radii=&#8220;on|12px|12px|12px|12px&#8220; saved_tabs=&#8220;all&#8220; global_colors_info=&#8220;{}&#8220; locked=&#8220;off&#8220;][et_pb_row admin_label=&#8220;row&#8220; _builder_version=&#8220;4.27.2&#8243; background_color=&#8220;#ffffff&#8220; background_size=&#8220;initial&#8220; background_position=&#8220;top_left&#8220; background_repeat=&#8220;repeat&#8220; custom_padding=&#8220;16px|16px|16px|16px|false|false&#8220; custom_css_main_element=&#8220;display: flex;||align-items: flex-end;&#8220; border_radii=&#8220;on|10px|10px|10px|10px&#8220; global_colors_info=&#8220;{}&#8220; max_width__hover_enabled=&#8220;on|desktop&#8220; max_width__hover=&#8220;none&#8220;][et_pb_column type=&#8220;4_4&#8243; _builder_version=&#8220;4.16&#8243; custom_padding=&#8220;|||&#8220; global_colors_info=&#8220;{}&#8220; custom_padding__hover=&#8220;|||&#8220;][et_pb_heading title=&#8220;Wirtschaftsstandort Landkreis Gifhorn&#8220; _builder_version=&#8220;4.27.4&#8243; _module_preset=&#8220;default&#8220; custom_margin=&#8220;0px|0px|0px|0px|false|false&#8220; global_colors_info=&#8220;{}&#8220;][/et_pb_heading][/et_pb_column][/et_pb_row][et_pb_row _builder_version=&#8220;4.27.4&#8243; _module_preset=&#8220;default&#8220; module_alignment=&#8220;right&#8220; max_height=&#8220;15px&#8220; global_colors_info=&#8220;{}&#8220;][et_pb_column type=&#8220;4_4&#8243; _builder_version=&#8220;4.27.4&#8243; _module_preset=&#8220;default&#8220; global_colors_info=&#8220;{}&#8220;][et_pb_text _builder_version=&#8220;4.27.4&#8243; _module_preset=&#8220;default&#8220; text_font_size=&#8220;10px&#8220; global_colors_info=&#8220;{}&#8220;]</p>
<p>LK Gifhorn I&amp;S/ Anja Selzer-Gassmann</p>
<p>[/et_pb_text][et_pb_text _builder_version=&#8220;4.27.4&#8243; _module_preset=&#8220;default&#8220; text_font_size=&#8220;10px&#8220; global_colors_info=&#8220;{}&#8220;]</p>
<p>Foto: LK Gifhorn I&amp;S | Anja Selzer-Gassmann</p>
<p>[/et_pb_text][/et_pb_column][/et_pb_row][/et_pb_section][et_pb_section fb_built=&#8220;1&#8243; admin_label=&#8220;Paragraph (Standard)&#8220; _builder_version=&#8220;4.27.3&#8243; _module_preset=&#8220;default&#8220; saved_tabs=&#8220;all&#8220; global_colors_info=&#8220;{}&#8220; locked=&#8220;off&#8220; theme_builder_area=&#8220;post_content&#8220;][et_pb_row admin_label=&#8220;Container&#8220; _builder_version=&#8220;4.27.2&#8243; _module_preset=&#8220;default&#8220; global_colors_info=&#8220;{}&#8220; theme_builder_area=&#8220;post_content&#8220;][et_pb_column type=&#8220;4_4&#8243; _builder_version=&#8220;4.27.0&#8243; _module_preset=&#8220;default&#8220; global_colors_info=&#8220;{}&#8220; theme_builder_area=&#8220;post_content&#8220;][et_pb_text _builder_version=&#8220;4.27.3&#8243; _module_preset=&#8220;default&#8220; custom_margin=&#8220;0px|0px|0px|0px|false|false&#8220; global_colors_info=&#8220;{}&#8220; theme_builder_area=&#8220;post_content&#8220;]</p>
<p><span data-metadata="&lt;!--(figmeta)eyJmaWxlS2V5IjoidFhRRG9IV0lnOXlMZXlOR1A5WVZYdCIsInBhc3RlSUQiOjE4NTQwNDkyMDcsImRhdGFUeXBlIjoic2NlbmUifQo=(/figmeta)--&gt;"></span><span>Vielen Dank für Ihre Anmeldung zum Newsletter! In Kürze erhalten Sie eine Bestätigung in Ihr E-Mail Postfach.</span><br /><span></span></p>
<p><span></span></p>
<p>[/et_pb_text][/et_pb_column][/et_pb_row][et_pb_row _builder_version=&#8220;4.27.2&#8243; _module_preset=&#8220;default&#8220; custom_padding=&#8220;0px||0px|0px|false|false&#8220; collapsed=&#8220;off&#8220; global_colors_info=&#8220;{}&#8220; locked=&#8220;off&#8220; theme_builder_area=&#8220;post_content&#8220;][et_pb_column type=&#8220;4_4&#8243; _builder_version=&#8220;4.27.2&#8243; _module_preset=&#8220;default&#8220; custom_padding=&#8220;0px|0px|0px|0px|false|false&#8220; custom_css_main_element=&#8220;||&#8220; global_colors_info=&#8220;{}&#8220; custom_css_main_element_last_edited=&#8220;on|phone&#8220; custom_css_main_element_tablet=&#8220;||&#8220; custom_css_main_element_phone=&#8220;||&#8220; theme_builder_area=&#8220;post_content&#8220;][et_pb_button button_url=&#8220;@ET-DC@eyJkeW5hbWljIjp0cnVlLCJjb250ZW50IjoiaG9tZV91cmwiLCJzZXR0aW5ncyI6e319@&#8220; button_text=&#8220;Hier gelangen Sie zurück zur Website&#8220; _builder_version=&#8220;4.27.4&#8243; _module_preset=&#8220;default&#8220; button_text_color=&#8220;#265A84&#8243; button_bg_color=&#8220;#FFFFFF&#8220; button_use_icon=&#8220;on&#8220; button_icon=&#8220;&#x24;||divi||400&#8243; custom_padding=&#8220;4px|40px|4px|12px|false|false&#8220; hover_enabled=&#8220;0&#8243; global_colors_info=&#8220;{}&#8220; theme_builder_area=&#8220;post_content&#8220; _dynamic_attributes=&#8220;button_url&#8220; sticky_enabled=&#8220;0&#8243;][/et_pb_button][/et_pb_column][/et_pb_row][/et_pb_section]</p>

<p>LK Gifhorn I&amp;S/ Anja Selzer-GassmannFoto: LK Gifhorn I&amp;S | Anja Selzer-GassmannVielen Dank für Ihre Anmeldung zum Newsletter! In Kürze erhalten Sie eine Bestätigung in Ihr E-Mail Postfach.</p>
